{"id":11373,"date":"2026-03-27T12:22:18","date_gmt":"2026-03-27T12:22:18","guid":{"rendered":"https:\/\/zielzeit-geringer.mgbtechnologiesdemo.in\/?product=hikmicro-lynx-lh15"},"modified":"2026-03-27T12:22:18","modified_gmt":"2026-03-27T12:22:18","slug":"hikmicro-lynx-lh15","status":"publish","type":"product","link":"https:\/\/zielzeit-geringer.mgbtechnologiesdemo.in\/?product=hikmicro-lynx-lh15","title":{"rendered":"HIKMICRO Lynx LH15"},"content":{"rendered":"<p>Produktinformationen &#8222;HIKMICRO Lynx LH15&#8220;<\/p>\n<p><strong>HIKMICRO LYNX LH15<br \/>\n<\/strong><br \/>\nDie LYNX Pro LH15 mit 384 x 288 px Aufl\u00f6sung, 12\u00b5m Pixelgr\u00f6\u00dfe und einem LCOS Display von 1280 x 960 px, kommt im kompakten Geh\u00e4use daher. Das Ger\u00e4t ist klein, leistungstark und in jeder Tasche verstaubar.<br \/>\nDie Kamera verf\u00fcgt \u00fcber ein 15mm Objektiv und erm\u00f6glicht klare Bilder bis zu einer Distanz von 708m. Das Geh\u00e4use sieht von au\u00dfen genauso aus wie der kleine Bruder (Lynx LC06), bietet aber einen 4x gr\u00f6\u00dferen Sensor und Reichweite an.<\/p>\n<p><strong>W\u00e4rmebildkamera:<\/strong><\/p>\n<p><strong>Sensor:<\/strong> VOx Uncooled Focal Plane Arrays<br \/>\n<strong>Aufl\u00f6sung:<\/strong> 384&#215;288 px<br \/>\n<strong>Hz:<\/strong> 50Hz<br \/>\n<strong>Pixel Gr\u00f6\u00dfe:<\/strong> 12\u00b5m<br \/>\n<strong>Wellenl\u00e4nge:<\/strong> 8\u00b5m\u00a0bis 14\u00b5m<br \/>\n<strong>NETD:<\/strong> weniger 35 mK (@25\u00b0C,F#=1.1)<br \/>\n<strong>Brennweite:<\/strong> 15mm<br \/>\n<strong>Verg\u00f6sserung:<\/strong> 0.6 bis 2.4<br \/>\n<strong>Blende:<\/strong> F1.0<br \/>\n<strong>Strom:<\/strong> 5 VDC\/2 A, 1.5 W, Type-C Interface<br \/>\n<strong>Betriebstemperatur:<\/strong> von -20 \u00b0C bis 55 \u00b0C<br \/>\n<strong>Schutzklasse:<\/strong> IP67<br \/>\n<strong>Gr\u00f6\u00dfe:<\/strong> 158.3 mm \u00d7 61 mm \u00d7 57 mm<br \/>\n<strong>Gewicht:<\/strong> 290 g<\/p>\n<p><strong>Batterieart:<\/strong> wiederaufladbare Lithium Batterie<br \/>\n<strong>Betriebsdauer:<\/strong> 10 Stunden mit\u00a0 Wi-Fi hot spot aus (@25\u00b0C) 7.5h mit Wi-FI hotspot.<br \/>\n<strong>SD-Karte:<\/strong> integriert (8 GB)<br \/>\n<strong>Aufnahme:<\/strong> Bilder und Videos<br \/>\n<strong>Wi-Fi:<\/strong> verf\u00fcgbar<br \/>\n<strong>Standby Mode:<\/strong> ja<br \/>\n<strong>Bildschirm:<\/strong> LCOS, 1280 \u00d7 960<br \/>\n<strong>Farbeinstellungen:<\/strong> Wei\u00df hei\u00df, Schwarz hei\u00df, Rot hei\u00df, Fusion<br \/>\n<strong>Shutter Modus:<\/strong> Auto, Manuell,exern<br \/>\n<strong>Digital Zoom:<\/strong> 1 \u00d7, 2 \u00d7, 4 \u00d7<br \/>\n<strong>Hot Track:<\/strong> verf\u00fcgbar<\/p>\n<p><a href=\"https:\/\/www.innogun-shop.de\/media\/pdf\/07\/b5\/fa\/2022-01_IG_Datenblatt-HIK_L9xWO62cXe2uKJ.pdf\"> Datenblatt<\/a><\/p>\n<p><a href=\"https:\/\/www.innogun-shop.de\/media\/pdf\/8c\/a6\/33\/2022-01_Anleitung_LH25-19.pdf\"> Detailliertes Datenblatt<\/a><\/p>\n","protected":false},"excerpt":{"rendered":"<p>Produktinformationen &#8222;HIKMICRO Lynx LH15&#8220; HIKMICRO LYNX LH15 Die LYNX Pro LH15 mit 384 x 288 px Aufl\u00f6sung, 12\u00b5m Pixelgr\u00f6\u00dfe und einem LCOS Display von 1280 x 960 px, kommt im kompakten Geh\u00e4use daher. Das Ger\u00e4t ist klein, leistungstark und in jeder Tasche verstaubar. Die Kamera verf\u00fcgt \u00fcber ein 15mm Objektiv und erm\u00f6glicht klare Bilder bis&#8230;<\/p>\n","protected":false},"featured_media":0,"comment_status":"open","ping_status":"closed","template":"","meta":{"_kad_post_transparent":"","_kad_post_title":"","_kad_post_layout":"","_kad_post_sidebar_id":"","_kad_post_content_style":"","_kad_post_vertical_padding":"","_kad_post_feature":"","_kad_post_feature_position":"","_kad_post_header":false,"_kad_post_footer":false,"_kad_post_classname":""},"product_brand":[],"product_cat":[24,36],"product_tag":[],"class_list":{"0":"post-11373","1":"product","2":"type-product","3":"status-publish","5":"product_cat-optik","6":"product_cat-waermebildkameras","8":"first","9":"instock","10":"taxable","11":"shipping-taxable","12":"purchasable","13":"product-type-simple","14":"entry","15":"content-bg","16":"loop-entry"},"_links":{"self":[{"href":"https:\/\/zielzeit-geringer.mgbtechnologiesdemo.in\/index.php?rest_route=\/wp\/v2\/product\/11373","targetHints":{"allow":["GET"]}}],"collection":[{"href":"https:\/\/zielzeit-geringer.mgbtechnologiesdemo.in\/index.php?rest_route=\/wp\/v2\/product"}],"about":[{"href":"https:\/\/zielzeit-geringer.mgbtechnologiesdemo.in\/index.php?rest_route=\/wp\/v2\/types\/product"}],"replies":[{"embeddable":true,"href":"https:\/\/zielzeit-geringer.mgbtechnologiesdemo.in\/index.php?rest_route=%2Fwp%2Fv2%2Fcomments&post=11373"}],"wp:attachment":[{"href":"https:\/\/zielzeit-geringer.mgbtechnologiesdemo.in\/index.php?rest_route=%2Fwp%2Fv2%2Fmedia&parent=11373"}],"wp:term":[{"taxonomy":"product_brand","embeddable":true,"href":"https:\/\/zielzeit-geringer.mgbtechnologiesdemo.in\/index.php?rest_route=%2Fwp%2Fv2%2Fproduct_brand&post=11373"},{"taxonomy":"product_cat","embeddable":true,"href":"https:\/\/zielzeit-geringer.mgbtechnologiesdemo.in\/index.php?rest_route=%2Fwp%2Fv2%2Fproduct_cat&post=11373"},{"taxonomy":"product_tag","embeddable":true,"href":"https:\/\/zielzeit-geringer.mgbtechnologiesdemo.in\/index.php?rest_route=%2Fwp%2Fv2%2Fproduct_tag&post=11373"}],"curies":[{"name":"wp","href":"https:\/\/api.w.org\/{rel}","templated":true}]}}